 - 16518 = -8*j. Is 50 a factor of m?
False
Suppose -a + 19686 = 2*k, 3134 + 16528 = 2*k - 5*a. Is k a multiple of 13?
True
Suppose 0 = 3*i - 9*i + 408. Let j = 70 - i. Suppose 4*a = 2*w - 0*a - 356, 360 = j*w - 2*a. Does 14 divide w?
True
Let n(x) be the first derivative of x**3/3 + 16*x**2 + 50*x + 6. Let o(l) be the first derivative of n(l). Is 7 a factor of o(12)?
True
Suppose -3*l = 8*j - 4*j - 28, 0 = -3*l - j + 16. Let n(r) = -9*r**2 + 52*r + 2. Is n(l) a multiple of 2?
True
Suppose g - w = -3*g + 557, 2*g - 296 = 4*w. Let r = g - -32. Let l = 262 - r. Is 23 a factor of l?
True
Let c = -44 - -49. Let f = c + -5. Suppose 71 = -f*x + 3*x + 5*k, 0 = 2*x + 3*k - 47. Is 6 a factor of x?
False
Let f = -179 + 182. Suppose f*s = -34*s + 36889. Is s a multiple of 92?
False
Let h(y) = 448*y**3 - 7*y**2 + 14*y - 20. Is h(2) a multiple of 44?
True
Let f(h) = 2*h - 10. Let v be f(5). Suppose -6 = -v*r - 2*r. Suppose -3*p - r*m + 357 = p, 5*m - 68 = -p. Is 7 a factor of p?
False
Let l(r) = -r**3 + 5*r**2 + 14*r - 2. Let w be l(7). Does 23 divide w/3 + 3330/135?
False
Let g(y) = -1401*y + 14598. Does 7 divide g(-9)?
False
Let j = 0 - 0. Let x(g) = g**3 + 40*g**2 + 68*g - 24. Let l be x(-38). Suppose -2*u + 5*h + 164 = j, -3*u - 47 + l = -h. Is 11 a factor of u?
True
Let q be (-22 + 45)*(-38)/6*-3. Suppose -1631 - q = -4*m. Is m a multiple of 38?
False
Let j(c) = 16*c - 4*c**2 + 4 + 0*c**2 + 7*c**2 + 11*c. Let x be j(-13). Suppose -5*u - 5*p + 135 = 0, -x = -4*u + 2*p - 28. Is 20 a factor of u?
False
Suppose -4*p + 3*p = 2*d - 6522, -3268 = -d + 3*p. Suppose -310*x = -317*x + d. Is 73 a factor of x?
False
Suppose -b = -2*b + 5*q - 7, -4*q = b - 11. Suppose 0 = -b*n - x + 10, 0 = 5*x - 19 - 1. Suppose 0 = -0*c - n*c + 32. Does 16 divide c?
True
Suppose -61513 = -5*c - 4*z, -3*c + 29323 = 2*z - 7586. Is 5 a factor of c?
True
Let k(p) = 17*p**2 + 19 - 47*p**2 + 23*p**2 + 17*p**2 + 6*p. Let b be k(-3). Suppose -f + b + 14 = 0. Does 21 divide f?
True
Suppose -34*d + 82*d = 179712. Does 96 divide d?
True
Let w be 1 - -3 - (-3 + 1 + -1284). Suppose -4*j + u = -1862, -4*j + 576 + w = u. Suppose 204 = -k + 3*k + 4*o, -o = -5*k + j. Is k a multiple of 8?
False
Let m(g) be the first derivative of -g**3 + 2*g**2 - 4*g - 24. Let k be m(2). Let c = 28 - k. Does 36 divide c?
True
Let k be -3 + -3 + (4 - -2). Suppose -m + 2*n - 4 = 3*m, k = 5*m - 3*n + 5. Is (9 - 7)/(m/(-24)) a multiple of 12?
True
Suppose 3*r = 3*o - 30981, -31001 = -4*o + o - r. Suppose -19*g = -80 - o. Is g a multiple of 17?
False
Let z = 43777 - 40919. Is 88 a factor of z?
False
Is (116/(-435))/(6/(-354285)) a multiple of 10?
False
Suppose -516*g + 705*g - 3584021 = 3550351. Is g a multiple of 15?
False
Suppose 300*m = 309*m - 14355. Does 10 divide m?
False
Let w = -176 - -180. Does 11 divide (w/3 + -1)/((-21)/(-20286))?
False
Let t be 0/(16/((-8)/2)) - -211. Is t - (-3 - (-6 - 0)) a multiple of 5?
False
Suppose -95*l = -106*l + 48158. Is 22 a factor of l?
True
Let l(c) = 2*c**3 - 40*c**2 + 56*c - 240. Is 108 a factor of l(30)?
True
Let m be 3946/10 + (-120)/75. Let u = m + -63. Is 11 a factor of u?
True
Let k(o) be the first derivative of 3*o**4/2 - 2*o**3/3 - 31*o**2/2 + 7*o + 18. Does 46 divide k(5)?
True
Suppose 4*d - 2*m = 166, 2*d - 31 - 48 = 5*m. Is 7 a factor of d/(-294) - 4188/(-14)?
False
Does 205 divide 7 + -19 - (6 + -10883)?
True
Suppose 10*z = 45*r - 50*r + 34710, 4*z + 6990 = r. Is r a multiple of 27?
False
Let p(s) be the third derivative of 2*s**5/15 + 7*s**4/24 - 7*s**3/6 - 6*s**2. Let c be p(2). Let x = 69 - c. Is 21 a factor of x?
False
Suppose 13213 + 999 = -34*s. Let r = s - -958. Does 36 divide r?
True
Suppose 0 = 77*y - 93*y - 31495 + 169527. Does 23 divide y?
False
Let w be (-6)/15 + 3 + 2/5. Suppose -i - 285 = -3*i - w*d, -4*i - 5*d + 571 = 0. Is i a multiple of 25?
False
Suppose 255 = -3*n - 228. Let w = 233 + n. Does 22 divide w?
False
Let c(r) = -16*r + 74. Let s be c(4). Suppose 0*o - 243 = -o - 2*l, 0 = 5*l - s. Is o a multiple of 5?
False
Let g(u) = -464*u + 3840. Does 9 divide g(-42)?
True
Let d(g) = 8*g - 1. Let y be d(7). Suppose -4*x = -0*h + 5*h + y, -70 = 5*h + x. Let m(u) = u**3 + 15*u**2 + u + 30. Is 10 a factor of m(h)?
False
Suppose 0 = 399*z - 443*z + 228976. Is 17 a factor of z?
False
Let s be 0 - 2 - -4 - (-180)/30. Does 27 divide (10 - s)/(512/(-257) - -2)?
False
Let k(x) be the second derivative of 41*x**3/6 + 5*x**2/2 - 2*x. Let z = -886 + 888. Does 27 divide k(z)?
False
Suppose -i = -9*i + 384. Let q = i - 46. Suppose 0 = -4*g + o + 183, -g - 131 = -4*g + q*o. Does 31 divide g?
False
Let x(u) = -3*u + 166. Let s be x(-36). Let t = 304 - s. Is 3 a factor of t?
True
Suppose 4 = 2*w + 2*v, 4*w - v - v = -4. Suppose w = -4*f - o + 4*o, o = 3*f - 5. Suppose 5*k - p - 156 = -f*p, k - 3*p = 21. Does 25 divide k?
False
Let b(x) = -x - 6. Let l be b(-6). Suppose -t = -2*t + 1, 4*n - 3*t - 5 = l. Let h(g) = 29*g**3 - 3*g**2 - 2*g + 4. Is 22 a factor of h(n)?
True
Let z be (-15)/45 - 22/6. Let x be 86/14 - z/(-28). Suppose -38 = -s - x. Does 16 divide s?
True
Let z = -229 + 216. Let k(c) = -c**3 - 11*c**2 - 23*c - 21. Is 13 a factor of k(z)?
False
Suppose -2*t + 26 = -3*g, 3*g - 2*g = -4*t + 38. Suppose -t = -3*c - w - 0*w, 3*w - 6 = 3*c. Let m(v) = 20*v - 1. Is 9 a factor of m(c)?
False
Is 3/((-27)/(-133041))*(-1 - -4) a multiple of 41?
False
Let x(u) = 27*u**2 - 23*u - 6 - 21 - 2 - 2*u**2 - 1. Is 33 a factor of x(-4)?
True
Let m = -10535 - -17711. Is 26 a factor of m?
True
Let n be (-6 - (3 - 12)) + 17*3. Suppose -3*s - 3*o = 2*o - 26, -3*o + n = 5*s. Does 2 divide s?
True
Let j(w) = -2*w**3 - 13*w**2 - 6*w + 5. Let y be j(-6). Let g be -1 - (y/25 + (-218)/(-10)). Let c = 52 + g. Is c a multiple of 29?
True
Suppose -4*z + 5*r + 9874 - 1729 = 0, -4*z + r + 8173 = 0. Is 121 a factor of z?
False
Let d(a) = 2*a**2 + 2*a - 4. Let u be d(-2). Suppose -3*k + 5*q - 14 = u, -8 = 10*q - 12*q. Suppose -k*h + 47 = -517. Does 20 divide h?
False
Suppose 42*b - 14125 = 3809. Is 61 a factor of b?
True
Let o(t) = 46*t**2 + 104*t + 68. Is 10 a factor of o(-14)?
False
Suppose -r + 26465 = -v - 9348, 4*r - 3*v - 143252 = 0. Is 59 a factor of r?
True
Let h(l) = -l**2 + 9*l + 18. Let b be h(11). Let q(j) = 22*j**3 - 2*j**2 + j. Let u be q(b). Does 16 divide ((-2)/(-2))/(u/(-240) + -6)?
False
Let n be 1/((-3)/(-6))*68. Let h be (-102)/(-119)*7*4. Suppose -8*d + h = -n. Is d a multiple of 6?
False
Suppose 0 = -z - 2, 3*o - 3*z - 25682 - 6754 = 0. Is o a multiple of 10?
True
Suppose 61*s + g = 65*s - 79, -2*g = -4*s + 86. Suppose -2*h - h + 594 = 0. Let t = h - s. Is 30 a factor of t?
True
Let a(g) = g**3 - 6*g**2 - 6*g - 4. Let y be a(8). Let f = 37 + y. Suppose 3*s + b - f = 0, -3*s - 2*b - 1 = -119. Is s a multiple of 4?
True
Let c = 57 - 28. Let r = c - 26. Suppose t + 4*t = -3*o + 453, 5*t - 447 = r*o. Is 30 a factor of t?
True
Suppose -12*l = -17*l + 20. Suppose -5 = -v - 3*t, t - 8 + 28 = l*v. Does 9 divide (-948)/(-15) + (-1)/v?
True
Let c(k) = -k**2 + 14*k + 33. Let t be c(15). Let a be (-24)/t*(-414)/(-2)*-1. Is 56 a factor of a + 6/15*10?
True
Let d(t) = 508*t**2 - 28*t - 68. Is d(-3) a multiple of 31?
True
Let i(z) = 37*z**3 - 2*z**2 + 2*z. Let s be i(1). Suppose j = c - 29 - s, 64 = c - 2*j. Does 41 divide c?
False
Let s(r) = 3*r**2 - 2*r - 7. Let d(o) be the first derivative of -o**2 + 14*o + 4. Let m be d(5). Does 22 divide s(m)?
False
Let x = 754 + -727. Suppose 13*o = -x*o + 22440. Is o a multiple of 5?
False
Let k = -19833 + 36140. Is 104 a factor of k?
False
Suppose 0 = -h - h + 262. Let b = h + -58. Let s = b - 32. Is s a multiple of 14?
False
Suppose -8*j = -5*j - 1035. Is 8 + -11 + 6/(-3) + j a multiple of 20?
True
Let b = 105 + 4788. Does 7 divide b?
True
Let v = 160 - 158. Suppose -14*g + 2016 = -v*g. Does 21 divide g?
True
Let u(q) = 7*q**2 - 35*q + 684. Is 6 a factor of u(12)?
True
Let p be (-194)/(-18) - 4/(-18). Let b be 4/8 - 185/(-2). Suppose b = x + p. Does 41 divide x?
True
Let u be 9*408/(3 - 11). Let k = 529 + u. Does 31 divide k?
False
Let v(s) = -3*s**3 + 2*s**2 + 6. Let l be v(4). Let n = 43 - l. Let o = -45 + n. Is o a multiple of 38?
True
Let r = 8466 + -8206. Is 4 a factor of r?
True
Let a = 873 + -236. Suppose a = 3*n - 5*h, -109 - 105 =